{"id":24414,"date":"2024-08-15T20:27:40","date_gmt":"2024-08-15T19:27:40","guid":{"rendered":"https:\/\/grupoquero.pt\/loja\/?post_type=product&#038;p=24414"},"modified":"2026-04-16T15:58:35","modified_gmt":"2026-04-16T14:58:35","slug":"eletroestatico-rnaat-para-agentes-de-animacao-turistica","status":"publish","type":"product","link":"https:\/\/grupoquero.pt\/loja\/produto\/eletroestatico-rnaat-para-agentes-de-animacao-turistica\/","title":{"rendered":"Eletroest\u00e1tico &#8211; RNAAT Para Agentes de Anima\u00e7\u00e3o Tur\u00edstica"},"content":{"rendered":"<p>RNAAT &#8211; Registo Nacional Agentes Anima\u00e7\u00e3o Tur\u00edstica<br \/>\n\u2022 Vinil Eletroest\u00e1tico (Adere ao vidro por eletricidade est\u00e1tica &#8211; sem cola)<br \/>\n\u2022 Impress\u00e3o Direta UV\u00a0 \u00a0\u00bb\u00a0 Dados Vari\u00e1veis: Vinil autocolante de alta resist\u00eancia e durabilidade<br \/>\n\u2022 <strong>MEDIDAS:<\/strong> 15&#215;7 cm<\/p>\n","protected":false},"excerpt":{"rendered":"<p>Placa de registo dos agentes de anima\u00e7\u00e3o tur\u00edstica.<\/p>\n<p><em><span style=\"color: #ff0000;\"><strong>OBS.<\/strong><\/span><\/em><br \/>\n<em>No ato de compra deve indicar em observa\u00e7\u00f5es o n\u00famero da licen\u00e7a.<\/em><\/p>\n","protected":false},"featured_media":24416,"comment_status":"open","ping_status":"closed","template":"","meta":{"inline_featured_image":false,"site-sidebar-layout":"default","site-content-layout":"","ast-site-content-layout":"default","site-content-style":"default","site-sidebar-style":"default","ast-global-header-display":"","ast-banner-title-visibility":"","ast-main-header-display":"","ast-hfb-above-header-display":"","ast-hfb-below-header-display":"","ast-hfb-mobile-header-display":"","site-post-title":"","ast-breadcrumbs-content":"","ast-featured-img":"","footer-sml-layout":"","ast-disable-related-posts":"","theme-transparent-header-meta":"default","adv-header-id-meta":"","stick-header-meta":"","header-above-stick-meta":"","header-main-stick-meta":"","header-below-stick-meta":"","astra-migrate-meta-layouts":"set","ast-page-background-enabled":"default","ast-page-background-meta":{"desktop":{"background-color":"","background-image":"","background-repeat":"repeat","background-position":"center center","background-size":"auto","background-attachment":"scroll","background-type":"","background-media":"","overlay-type":"","overlay-color":"","overlay-opacity":"","overlay-gradient":""},"tablet":{"background-color":"","background-image":"","background-repeat":"repeat","background-position":"center center","background-size":"auto","background-attachment":"scroll","background-type":"","background-media":"","overlay-type":"","overlay-color":"","overlay-opacity":"","overlay-gradient":""},"mobile":{"background-color":"","background-image":"","background-repeat":"repeat","background-position":"center center","background-size":"auto","background-attachment":"scroll","background-type":"","background-media":"","overlay-type":"","overlay-color":"","overlay-opacity":"","overlay-gradient":""}},"ast-content-background-meta":{"desktop":{"background-color":"var(--ast-global-color-5)","background-image":"","background-repeat":"repeat","background-position":"center center","background-size":"auto","background-attachment":"scroll","background-type":"","background-media":"","overlay-type":"","overlay-color":"","overlay-opacity":"","overlay-gradient":""},"tablet":{"background-color":"var(--ast-global-color-5)","background-image":"","background-repeat":"repeat","background-position":"center center","background-size":"auto","background-attachment":"scroll","background-type":"","background-media":"","overlay-type":"","overlay-color":"","overlay-opacity":"","overlay-gradient":""},"mobile":{"background-color":"var(--ast-global-color-5)","background-image":"","background-repeat":"repeat","background-position":"center center","background-size":"auto","background-attachment":"scroll","background-type":"","background-media":"","overlay-type":"","overlay-color":"","overlay-opacity":"","overlay-gradient":""}}},"product_brand":[79],"product_cat":[621,636,614],"product_tag":[541],"class_list":{"0":"post-24414","1":"product","2":"type-product","3":"status-publish","4":"has-post-thumbnail","6":"product_brand-queroprint","7":"product_cat-eletroestaticos","8":"product_cat-rnaat","9":"product_cat-tvde","10":"product_tag-queroprint","11":"desktop-align-left","12":"tablet-align-center","13":"mobile-align-center","15":"first","16":"instock","17":"taxable","18":"shipping-taxable","19":"purchasable","20":"product-type-simple"},"yoast_head":"<!-- This site is optimized with the Yoast SEO plugin v27.4 - https:\/\/yoast.com\/product\/yoast-seo-wordpress\/ -->\n<title>Eletroest\u00e1tico - RNAAT Para Agentes de Anima\u00e7\u00e3o Tur\u00edstica - grupoQUERO<\/title>\n<meta name=\"description\" content=\"Produzimos D\u00edstico RNAAT para agentes de Anima\u00e7\u00e3o Tur\u00edstica - queroPRINT by grupoQUERO. Odivelas\" \/>\n<meta name=\"robots\" content=\"index, follow, max-snippet:-1, max-image-preview:large, max-video-preview:-1\" \/>\n<link rel=\"canonical\" href=\"https:\/\/grupoquero.pt\/loja\/produto\/eletroestatico-rnaat-para-agentes-de-animacao-turistica\/\" \/>\n<meta property=\"og:locale\" content=\"pt_PT\" \/>\n<meta property=\"og:type\" content=\"article\" \/>\n<meta property=\"og:title\" content=\"Eletroest\u00e1tico - RNAAT Para Agentes de Anima\u00e7\u00e3o Tur\u00edstica - grupoQUERO\" \/>\n<meta property=\"og:description\" content=\"Produzimos D\u00edstico RNAAT para agentes de Anima\u00e7\u00e3o Tur\u00edstica - queroPRINT by grupoQUERO. Odivelas\" \/>\n<meta property=\"og:url\" content=\"https:\/\/grupoquero.pt\/loja\/produto\/eletroestatico-rnaat-para-agentes-de-animacao-turistica\/\" \/>\n<meta property=\"og:site_name\" content=\"grupoQUERO\" \/>\n<meta property=\"article:publisher\" content=\"https:\/\/www.facebook.com\/grupoquero.pt\" \/>\n<meta property=\"article:modified_time\" content=\"2026-04-16T14:58:35+00:00\" \/>\n<meta property=\"og:image\" content=\"https:\/\/grupoquero.pt\/loja\/wp-content\/uploads\/Eletroestatico-RNNAT.jpg\" \/>\n\t<meta property=\"og:image:width\" content=\"454\" \/>\n\t<meta property=\"og:image:height\" content=\"210\" \/>\n\t<meta property=\"og:image:type\" content=\"image\/jpeg\" \/>\n<meta name=\"twitter:card\" content=\"summary_large_image\" \/>\n<meta name=\"twitter:label1\" content=\"Tempo estimado de leitura\" \/>\n\t<meta name=\"twitter:data1\" content=\"1 minuto\" \/>\n<script type=\"application\/ld+json\" class=\"yoast-schema-graph\">{\"@context\":\"https:\\\/\\\/schema.org\",\"@graph\":[{\"@type\":\"WebPage\",\"@id\":\"https:\\\/\\\/grupoquero.pt\\\/loja\\\/produto\\\/eletroestatico-rnaat-para-agentes-de-animacao-turistica\\\/\",\"url\":\"https:\\\/\\\/grupoquero.pt\\\/loja\\\/produto\\\/eletroestatico-rnaat-para-agentes-de-animacao-turistica\\\/\",\"name\":\"Eletroest\u00e1tico - RNAAT Para Agentes de Anima\u00e7\u00e3o Tur\u00edstica - grupoQUERO\",\"isPartOf\":{\"@id\":\"https:\\\/\\\/grupoquero.pt\\\/loja\\\/#website\"},\"primaryImageOfPage\":{\"@id\":\"https:\\\/\\\/grupoquero.pt\\\/loja\\\/produto\\\/eletroestatico-rnaat-para-agentes-de-animacao-turistica\\\/#primaryimage\"},\"image\":{\"@id\":\"https:\\\/\\\/grupoquero.pt\\\/loja\\\/produto\\\/eletroestatico-rnaat-para-agentes-de-animacao-turistica\\\/#primaryimage\"},\"thumbnailUrl\":\"https:\\\/\\\/grupoquero.pt\\\/loja\\\/wp-content\\\/uploads\\\/Eletroestatico-RNNAT.jpg\",\"datePublished\":\"2024-08-15T19:27:40+00:00\",\"dateModified\":\"2026-04-16T14:58:35+00:00\",\"description\":\"Produzimos D\u00edstico RNAAT para agentes de Anima\u00e7\u00e3o Tur\u00edstica - queroPRINT by grupoQUERO. Odivelas\",\"breadcrumb\":{\"@id\":\"https:\\\/\\\/grupoquero.pt\\\/loja\\\/produto\\\/eletroestatico-rnaat-para-agentes-de-animacao-turistica\\\/#breadcrumb\"},\"inLanguage\":\"pt-PT\",\"potentialAction\":[{\"@type\":\"ReadAction\",\"target\":[\"https:\\\/\\\/grupoquero.pt\\\/loja\\\/produto\\\/eletroestatico-rnaat-para-agentes-de-animacao-turistica\\\/\"]}]},{\"@type\":\"ImageObject\",\"inLanguage\":\"pt-PT\",\"@id\":\"https:\\\/\\\/grupoquero.pt\\\/loja\\\/produto\\\/eletroestatico-rnaat-para-agentes-de-animacao-turistica\\\/#primaryimage\",\"url\":\"https:\\\/\\\/grupoquero.pt\\\/loja\\\/wp-content\\\/uploads\\\/Eletroestatico-RNNAT.jpg\",\"contentUrl\":\"https:\\\/\\\/grupoquero.pt\\\/loja\\\/wp-content\\\/uploads\\\/Eletroestatico-RNNAT.jpg\",\"width\":454,\"height\":210,\"caption\":\"RNNAT - anima\u00e7\u00e3o tur\u00edstica - grupoquero\"},{\"@type\":\"BreadcrumbList\",\"@id\":\"https:\\\/\\\/grupoquero.pt\\\/loja\\\/produto\\\/eletroestatico-rnaat-para-agentes-de-animacao-turistica\\\/#breadcrumb\",\"itemListElement\":[{\"@type\":\"ListItem\",\"position\":1,\"name\":\"Home\",\"item\":\"https:\\\/\\\/grupoquero.pt\\\/loja\\\/\"},{\"@type\":\"ListItem\",\"position\":2,\"name\":\"Loja Online\",\"item\":\"https:\\\/\\\/grupoquero.pt\\\/loja\\\/shop\\\/\"},{\"@type\":\"ListItem\",\"position\":3,\"name\":\"Eletroest\u00e1tico &#8211; RNAAT Para Agentes de Anima\u00e7\u00e3o Tur\u00edstica\"}]},{\"@type\":\"WebSite\",\"@id\":\"https:\\\/\\\/grupoquero.pt\\\/loja\\\/#website\",\"url\":\"https:\\\/\\\/grupoquero.pt\\\/loja\\\/\",\"name\":\"grupoQUERO - atelier\",\"description\":\"webdesign, Personaliza\u00e7\u00e3o e Print\",\"publisher\":{\"@id\":\"https:\\\/\\\/grupoquero.pt\\\/loja\\\/#organization\"},\"potentialAction\":[{\"@type\":\"SearchAction\",\"target\":{\"@type\":\"EntryPoint\",\"urlTemplate\":\"https:\\\/\\\/grupoquero.pt\\\/loja\\\/?s={search_term_string}\"},\"query-input\":{\"@type\":\"PropertyValueSpecification\",\"valueRequired\":true,\"valueName\":\"search_term_string\"}}],\"inLanguage\":\"pt-PT\"},{\"@type\":\"Organization\",\"@id\":\"https:\\\/\\\/grupoquero.pt\\\/loja\\\/#organization\",\"name\":\"grupoQUERO - atelier\",\"url\":\"https:\\\/\\\/grupoquero.pt\\\/loja\\\/\",\"logo\":{\"@type\":\"ImageObject\",\"inLanguage\":\"pt-PT\",\"@id\":\"https:\\\/\\\/grupoquero.pt\\\/loja\\\/#\\\/schema\\\/logo\\\/image\\\/\",\"url\":\"https:\\\/\\\/grupoquero.pt\\\/loja\\\/wp-content\\\/uploads\\\/Logotipo-grupoQUERO-1.png\",\"contentUrl\":\"https:\\\/\\\/grupoquero.pt\\\/loja\\\/wp-content\\\/uploads\\\/Logotipo-grupoQUERO-1.png\",\"width\":413,\"height\":148,\"caption\":\"grupoQUERO - atelier\"},\"image\":{\"@id\":\"https:\\\/\\\/grupoquero.pt\\\/loja\\\/#\\\/schema\\\/logo\\\/image\\\/\"},\"sameAs\":[\"https:\\\/\\\/www.facebook.com\\\/grupoquero.pt\"]}]}<\/script>\n<!-- \/ Yoast SEO plugin. -->","yoast_head_json":{"title":"Eletroest\u00e1tico - RNAAT Para Agentes de Anima\u00e7\u00e3o Tur\u00edstica - grupoQUERO","description":"Produzimos D\u00edstico RNAAT para agentes de Anima\u00e7\u00e3o Tur\u00edstica - queroPRINT by grupoQUERO. Odivelas","robots":{"index":"index","follow":"follow","max-snippet":"max-snippet:-1","max-image-preview":"max-image-preview:large","max-video-preview":"max-video-preview:-1"},"canonical":"https:\/\/grupoquero.pt\/loja\/produto\/eletroestatico-rnaat-para-agentes-de-animacao-turistica\/","og_locale":"pt_PT","og_type":"article","og_title":"Eletroest\u00e1tico - RNAAT Para Agentes de Anima\u00e7\u00e3o Tur\u00edstica - grupoQUERO","og_description":"Produzimos D\u00edstico RNAAT para agentes de Anima\u00e7\u00e3o Tur\u00edstica - queroPRINT by grupoQUERO. Odivelas","og_url":"https:\/\/grupoquero.pt\/loja\/produto\/eletroestatico-rnaat-para-agentes-de-animacao-turistica\/","og_site_name":"grupoQUERO","article_publisher":"https:\/\/www.facebook.com\/grupoquero.pt","article_modified_time":"2026-04-16T14:58:35+00:00","og_image":[{"width":454,"height":210,"url":"https:\/\/grupoquero.pt\/loja\/wp-content\/uploads\/Eletroestatico-RNNAT.jpg","type":"image\/jpeg"}],"twitter_card":"summary_large_image","twitter_misc":{"Tempo estimado de leitura":"1 minuto"},"schema":{"@context":"https:\/\/schema.org","@graph":[{"@type":"WebPage","@id":"https:\/\/grupoquero.pt\/loja\/produto\/eletroestatico-rnaat-para-agentes-de-animacao-turistica\/","url":"https:\/\/grupoquero.pt\/loja\/produto\/eletroestatico-rnaat-para-agentes-de-animacao-turistica\/","name":"Eletroest\u00e1tico - RNAAT Para Agentes de Anima\u00e7\u00e3o Tur\u00edstica - grupoQUERO","isPartOf":{"@id":"https:\/\/grupoquero.pt\/loja\/#website"},"primaryImageOfPage":{"@id":"https:\/\/grupoquero.pt\/loja\/produto\/eletroestatico-rnaat-para-agentes-de-animacao-turistica\/#primaryimage"},"image":{"@id":"https:\/\/grupoquero.pt\/loja\/produto\/eletroestatico-rnaat-para-agentes-de-animacao-turistica\/#primaryimage"},"thumbnailUrl":"https:\/\/grupoquero.pt\/loja\/wp-content\/uploads\/Eletroestatico-RNNAT.jpg","datePublished":"2024-08-15T19:27:40+00:00","dateModified":"2026-04-16T14:58:35+00:00","description":"Produzimos D\u00edstico RNAAT para agentes de Anima\u00e7\u00e3o Tur\u00edstica - queroPRINT by grupoQUERO. Odivelas","breadcrumb":{"@id":"https:\/\/grupoquero.pt\/loja\/produto\/eletroestatico-rnaat-para-agentes-de-animacao-turistica\/#breadcrumb"},"inLanguage":"pt-PT","potentialAction":[{"@type":"ReadAction","target":["https:\/\/grupoquero.pt\/loja\/produto\/eletroestatico-rnaat-para-agentes-de-animacao-turistica\/"]}]},{"@type":"ImageObject","inLanguage":"pt-PT","@id":"https:\/\/grupoquero.pt\/loja\/produto\/eletroestatico-rnaat-para-agentes-de-animacao-turistica\/#primaryimage","url":"https:\/\/grupoquero.pt\/loja\/wp-content\/uploads\/Eletroestatico-RNNAT.jpg","contentUrl":"https:\/\/grupoquero.pt\/loja\/wp-content\/uploads\/Eletroestatico-RNNAT.jpg","width":454,"height":210,"caption":"RNNAT - anima\u00e7\u00e3o tur\u00edstica - grupoquero"},{"@type":"BreadcrumbList","@id":"https:\/\/grupoquero.pt\/loja\/produto\/eletroestatico-rnaat-para-agentes-de-animacao-turistica\/#breadcrumb","itemListElement":[{"@type":"ListItem","position":1,"name":"Home","item":"https:\/\/grupoquero.pt\/loja\/"},{"@type":"ListItem","position":2,"name":"Loja Online","item":"https:\/\/grupoquero.pt\/loja\/shop\/"},{"@type":"ListItem","position":3,"name":"Eletroest\u00e1tico &#8211; RNAAT Para Agentes de Anima\u00e7\u00e3o Tur\u00edstica"}]},{"@type":"WebSite","@id":"https:\/\/grupoquero.pt\/loja\/#website","url":"https:\/\/grupoquero.pt\/loja\/","name":"grupoQUERO - atelier","description":"webdesign, Personaliza\u00e7\u00e3o e Print","publisher":{"@id":"https:\/\/grupoquero.pt\/loja\/#organization"},"potentialAction":[{"@type":"SearchAction","target":{"@type":"EntryPoint","urlTemplate":"https:\/\/grupoquero.pt\/loja\/?s={search_term_string}"},"query-input":{"@type":"PropertyValueSpecification","valueRequired":true,"valueName":"search_term_string"}}],"inLanguage":"pt-PT"},{"@type":"Organization","@id":"https:\/\/grupoquero.pt\/loja\/#organization","name":"grupoQUERO - atelier","url":"https:\/\/grupoquero.pt\/loja\/","logo":{"@type":"ImageObject","inLanguage":"pt-PT","@id":"https:\/\/grupoquero.pt\/loja\/#\/schema\/logo\/image\/","url":"https:\/\/grupoquero.pt\/loja\/wp-content\/uploads\/Logotipo-grupoQUERO-1.png","contentUrl":"https:\/\/grupoquero.pt\/loja\/wp-content\/uploads\/Logotipo-grupoQUERO-1.png","width":413,"height":148,"caption":"grupoQUERO - atelier"},"image":{"@id":"https:\/\/grupoquero.pt\/loja\/#\/schema\/logo\/image\/"},"sameAs":["https:\/\/www.facebook.com\/grupoquero.pt"]}]}},"_links":{"self":[{"href":"https:\/\/grupoquero.pt\/loja\/wp-json\/wp\/v2\/product\/24414","targetHints":{"allow":["GET"]}}],"collection":[{"href":"https:\/\/grupoquero.pt\/loja\/wp-json\/wp\/v2\/product"}],"about":[{"href":"https:\/\/grupoquero.pt\/loja\/wp-json\/wp\/v2\/types\/product"}],"replies":[{"embeddable":true,"href":"https:\/\/grupoquero.pt\/loja\/wp-json\/wp\/v2\/comments?post=24414"}],"wp:featuredmedia":[{"embeddable":true,"href":"https:\/\/grupoquero.pt\/loja\/wp-json\/wp\/v2\/media\/24416"}],"wp:attachment":[{"href":"https:\/\/grupoquero.pt\/loja\/wp-json\/wp\/v2\/media?parent=24414"}],"wp:term":[{"taxonomy":"product_brand","embeddable":true,"href":"https:\/\/grupoquero.pt\/loja\/wp-json\/wp\/v2\/product_brand?post=24414"},{"taxonomy":"product_cat","embeddable":true,"href":"https:\/\/grupoquero.pt\/loja\/wp-json\/wp\/v2\/product_cat?post=24414"},{"taxonomy":"product_tag","embeddable":true,"href":"https:\/\/grupoquero.pt\/loja\/wp-json\/wp\/v2\/product_tag?post=24414"}],"curies":[{"name":"wp","href":"https:\/\/api.w.org\/{rel}","templated":true}]}}